 15.
cec
-8358 (base 11) to base 3
-120012011
-222013 (base 4) to base 9
-3624
What is c1c (base 13) in base 12?
1231
-157 (base 12) to base 3
-21211
Convert -a00 (base 12) to base 4.
-112200
Convert -232010 (base 4) to base 14.
-1108
-210021 (base 3) to base 5
-4244
What is -354b (base 15) in base 10?
-11321
Convert -2412 (base 5) to base 4.
-11211
Convert 19808 (base 13) to base 4.
30020132
-1234 (base 10) to base 14
-642
Convert -14596 (base 14) to base 8.
-142510
What is -177 (base 14) in base 13?
-1a2
202042 (base 6) to base 14
5b98
Convert 32132 (base 9) to base 14.
7a5d
Convert 110011101011100 (base 2) to base 3.
1100022000
What is 67dd (base 14) in base 16?
466f
-22233 (base 4) to base 13
-40b
-34066 (base 7) to base 11
-652a
What is 195 (base 12) in base 9?
315
Convert 1045 (base 6) to base 2.
11110101
237 (base 10) to base 3
22210
What is -526 (base 14) in base 5?
-13024
What is 30 (base 4) in base 9?
13
1111 (base 2) to base 10
15
What is 1520 (base 6) in base 16?
198
Convert 10011100101 (base 2) to base 11.
a3a
What is 1023 (base 9) in base 11?
622
Convert -10447 (base 9) to base 4.
-1230100
12156 (base 7) to base 15
e1c
53d0 (base 14) to base 6
151030
268 (base 13) to base 11
356
What is -102112112 (base 3) in base 12?
-4a4b
404320 (base 5) to base 13
5c57
What is -10854 (base 12) in base 14?
-8000
Convert 1031 (base 5) to base 15.
96
Convert -3d9 (base 14) to base 15.
-36e
4624 (base 14) to base 11
9177
-ee6c (base 15) to base 13
-19caa
Convert 118 (base 13) to base 10.
190
Convert 102120 (base 3) to base 4.
10320
What is 4331 (base 5) in base 6?
2423
Convert 13754 (base 10) to base 3.
200212102
What is 11221022 (base 3) in base 7?
13331
Convert -24370 (base 10) to base 15.
-734a
What is 1485 (base 13) in base 6?
21450
-130022 (base 5) to base 10
-5012
-12221111 (base 3) to base 12
-2611
Convert -18202 (base 11) to base 12.
-12939
Convert -28645 (base 10) to base 11.
-1a581
Convert -564 (base 12) to base 16.
-31c
Convert 103254 (base 8) to base 10.
34476
Convert -2044 (base 6) to base 7.
-1225
What is daa (base 15) in base 2?
110000001101
What is -1000011010100001 (base 2) in base 8?
-103241
-5cc (base 15) to base 6
-10033
What is 103 (base 4) in base 6?
31
111011010111 (base 2) to base 3
12012201
Convert a1a (base 12) to base 6.
10434
What is -1d87 (base 15) in base 8?
-14433
-277 (base 9) to base 3
-22121
Convert 19c (base 13) to base 8.
452
Convert 14101 (base 5) to base 4.
101333
What is 1310101 (base 4) in base 16?
1d11
311 (base 16) to base 3
1002002
What is 1237 (base 11) in base 2?
11001001101
Convert -285 (base 10) to base 3.
-101120
What is -102212212 (base 3) in base 13?
-3c35
What is 279 (base 10) in base 8?
427
-211112 (base 3) to base 13
-37a
What is 9b5 (base 16) in base 3?
10102001
What is -602 (base 9) in base 4?
-13220
Convert 89c7 (base 16) to base 10.
35271
Convert 11011111010011 (base 2) to base 16.
37d3
167 (base 15) to base 4
11002
What is 5cc0 (base 15) in base 2?
100110100101011
-23478 (base 10) to base 4
-11232312
Convert 151233 (base 8) to base 9.
81855
What is -35404 (base 10) in base 9?
-53507
-2d5 (base 14) to base 10
-579
What is 1297 (base 10) in base 14?
689
Convert -3c56 (base 15) to base 10.
-12906
What is -2c23 (base 13) in base 7?
-24544
-10111 (base 3) to base 4
-1132
What is 276 (base 11) in base 6?
1301
131143 (base 5) to base 16
1435
-23133 (base 8) to base 9
-14420
Convert -100000100100000 (base 2) to base 5.
-1013142
Convert -a05 (base 11) to base 15.
-560
What is -22212123 (base 4) in base 2?
-1010100110011011
Convert 137357 (base 8) to base 10.
48879
Convert -352 (base 10) to base 11.
-2a0
Convert 60 (base 10) to base 7.
114
-11110221202 (base 3) to base 5
-10310200
Convert 3374 (base 10) to base 14.
1330
What is -190b3 (base 12) in base 15?
-abd3
Convert -3c7 (base 14) to base 2.
-1011111011
Convert -11212022 (base 3) to base 11.
-2733
21122 (base 3) to base 12
152
Convert -3314 (base 5) to base 16.
-1cb
-4c3 (base 16) to base 12
-857
Convert -3a9 (base 12) to base 14.
-2c1
-9638 (base 11) to base 13
-5a56
Convert 5930 (base 12) to base 5.
304342
What is -dd2c (base 14) in base 2?
-1001010101110100
Convert -1026 (base 7) to base 13.
-21c
Convert 2169 (base 11) to base 10.
2858
Convert -7012 (base 8) to base 14.
-144a
Convert 125426 (base 7) to base 4.
11233310
Convert 317 (base 13) to base 10.
527
Convert -293 (base 13) to base 11.
-387
-143423 (base 5) to base 15
-1c28
-11010100011 (base 2) to base 5
-23244
What is -213100 (base 4) in base 14?
-cb6
Convert -1021303 (base 4) to base 6.
-33511
What is -110000000 (base 2) in base 7?
-1056
Convert -22133 (base 6) to base 15.
-da6
Convert -10208 (base 9) to base 6.
-51055
-33203 (base 4) to base 16
-3e3
Convert 6138 (base 12) to base 7.
42530
What is -14426 (base 7) in base 13?
-1a7b
20408 (base 12) to base 3
2010200122
What is -12471 (base 9) in base 11?
-6353
-121d (base 14) to base 2
-110001011011
Convert 43153 (base 7) to base 3.
112201001
99a2 (base 12) to base 14
6282
da9 (base 14) to base 11
2032
What is -22 (base 13) in base 2?
-11100
-420233 (base 7) to base 11
-4a233
-2124 (base 16) to base 9
-12566
What is 48591 (base 11) in base 5?
4214132
110000010000 (base 2) to base 10
3088
21120112 (base 3) to base 4
1112102
4db6 (base 16) to base 5
1114034
Convert 122200200 (base 3) to base 8.
31141
111122 (base 4) to base 7
3665
-10562 (base 7) to base 14
-da2
122321 (base 4) to base 5
23341
16172 (base 8) to base 4
1301322
-152030 (base 6) to base 7
-60606
35433 (base 6) to base 5
131013
What is 2010020 (base 3) in base 9?
2106
What is 11011011 (base 2) in base 13?
13b
Convert 4b5 (base 13) to base 14.
42c
Convert 132c3 (base 13) to base 14.
cdc5
26712 (base 10) to base 6
323400
13414 (base 10) to base 15
3e94
Convert -26 (base 8) to base 2.
-10110
-4302 (base 5) to base 7
-1453
Convert 111440 (base 5) to base 16.
f9b
12321 (base 5) to base 4
33001
101 (base 5) to base 16
1a
3ff (base 16) to base 10
1023
-c5c (base 13) to base 5
-31410
-111111000 (base 2) to base 4
-13320
-4a1 (base 12) to base 10
-697
What is -1200012 (base 3) in base 14?
-632
What is 303154 (base 7) in base 12?
259aa
db8 (base 15) to base 5
44343
Convert 1473 (base 9) to base 3.
1112110
What is -254423 (base 6) in base 11?
-1635a
What is -112010020 (base 3) in base 2?
-10100000110101
-10123103 (base 4) to base 14
-6871
What is 5030 (base 6) in base 5?
13343
What is -5346 (base 14) in base 11?
-a884
What is -187 (base 14) in base 4?
-10323
Convert a70 (base 14) to base 11.
1601
Convert 181 (base 12) to base 16.
f1
What is -220000 (base 3) in base 12?
-460
Convert 450 (base 14) to base 4.
31112
Convert 231221 (base 4) to base 8.
5551
Convert 11101110001 (base 2) to base 6.
12453
10001 (base 3) to base 15
57
What is 26c9 (base 14) in base 13?
3163
-10002 (base 5) to base 2
-1001110011
Convert 4142 (base 5) to base 8.
1043
Convert 1013004 (base 6) to base 3.
2110200011
Convert 670 (base 15) to base 7.
4146
-120231 (base 4) to base 9
-2146
Convert 9a0 (base 14) to base 15.
86e
21693 (base 10) to base 3
1002202110
Convert 9e (base 16) to base 6.
422
Convert 118 (base 15) to base 2.
11111000
b1c (base 14) to base 10
2182
What is -992 (base 13) in base 4?
-121220
What is -2034 (base 6) in base 8?
-706
-103 (base 10) to base 6
-251
Convert 4218 (base 12) to base 2.
1110000110100
What is 45413 (base 6) in base 9?
8720
What is 1634 (base 12) in base 5?
41012
Convert 13344 (base 6) to base 10.
2080
Convert -22 (base 6) to base 12.
-12
10a5 (base 11) to base 2
10110100110
Convert 13c9 (base 13) to base 3.
10221021
What is 20ab (base 15) in base 6?
51555
-15125 (base 11) to base 3
-1002102020
Convert 151330 (base 7) to base 9.
44201
2fc (base 16) to base 2
1011111100
-3230332 (base 4) to base 2
-11101100111110
-6721 (base 10) to base 13
-30a0
a44 (base 15) to base 14
bb4
What is -66 (base 10) in base 3?
-2110
2111 (base 11) to base 3
10211112
Convert -1292 (base 10) to base 9.
-1685
29199 (base 10) to base 5
1413244
Convert 4654 (base 15) to base 10.
14929
Convert 244 (base 13) to base 11.
329
Convert -63323 (base 7) to base 6.
-200115
What is -203401 (base 5) in base 2?
-1101001000110
Convert 1345 (base 6) to base 14.
1b3
What is -1011 (base 4) in base 9?
-76
Convert 3d9 (bas